 1671 is divided by 67.
63
What is the remainder when 6038 is divided by 209?
186
What is the remainder when 6021 is divided by 36?
9
What is the remainder when 75156 is divided by 18786?
12
Calculate the remainder when 1304 is divided by 420.
44
Calculate the remainder when 286 is divided by 90.
16
Calculate the remainder when 10387 is divided by 2430.
667
What is the remainder when 6933 is divided by 2253?
174
What is the remainder when 22808 is divided by 122?
116
Calculate the remainder when 3633 is divided by 70.
63
What is the remainder when 1039 is divided by 265?
244
What is the remainder when 5920 is divided by 46?
32
What is the remainder when 2716 is divided by 813?
277
What is the remainder when 24601 is divided by 169?
96
Calculate the remainder when 18117 is divided by 2584.
29
Calculate the remainder when 152060 is divided by 685.
675
What is the remainder when 2458 is divided by 11?
5
Calculate the remainder when 57780 is divided by 22.
8
What is the remainder when 12151 is divided by 14?
13
What is the remainder when 99956 is divided by 6?
2
What is the remainder when 233896 is divided by 42?
40
Calculate the remainder when 1036 is divided by 91.
35
What is the remainder when 72600 is divided by 19?
1
What is the remainder when 8387 is divided by 398?
29
What is the remainder when 22078 is divided by 88?
78
Calculate the remainder when 63222 is divided by 42.
12
What is the remainder when 27973 is divided by 6?
1
What is the remainder when 2125238 is divided by 46?
38
Calculate the remainder when 148 is divided by 40.
28
What is the remainder when 1341535 is divided by 289?
286
Calculate the remainder when 7677 is divided by 1530.
27
What is the remainder when 12477 is divided by 12458?
19
Calculate the remainder when 745956 is divided by 19.
16
What is the remainder when 41300 is divided by 2581?
4
Calculate the remainder when 870 is divided by 278.
36
What is the remainder when 5722 is divided by 2860?
2
Calculate the remainder when 45538 is divided by 12.
10
What is the remainder when 7939 is divided by 541?
365
Calculate the remainder when 4502 is divided by 2247.
8
What is the remainder when 140449 is divided by 43?
11
What is the remainder when 10150 is divided by 290?
0
What is the remainder when 1542 is divided by 688?
166
Calculate the remainder when 3185 is divided by 571.
330
Calculate the remainder when 4878 is divided by 2432.
14
What is the remainder when 42701 is divided by 70?
1
Calculate the remainder when 429534 is divided by 99.
72
Calculate the remainder when 44778 is divided by 59.
56
What is the remainder when 64789 is divided by 9?
7
What is the remainder when 3878 is divided by 189?
98
Calculate the remainder when 5650 is divided by 171.
7
What is the remainder when 110356 is divided by 8?
4
What is the remainder when 21735 is divided by 88?
87
Calculate the remainder when 2401 is divided by 36.
25
What is the remainder when 8160 is divided by 652?
336
Calculate the remainder when 4011 is divided by 364.
7
Calculate the remainder when 473819 is divided by 212.
211
Calculate the remainder when 775 is divided by 438.
337
What is the remainder when 148235 is divided by 2118?
2093
Calculate the remainder when 42642 is divided by 21317.
8
What is the remainder when 396831 is divided by 198408?
15
Calculate the remainder when 81343 is divided by 55.
53
Calculate the remainder when 47824 is divided by 358.
210
Calculate the remainder when 2309 is divided by 570.
29
Calculate the remainder when 1871 is divided by 169.
12
Calculate the remainder when 25685 is divided by 3201.
77
Calculate the remainder when 33606 is divided by 269.
250
What is the remainder when 1049 is divided by 263?
260
What is the remainder when 4140 is divided by 2066?
8
Calculate the remainder when 4075 is divided by 542.
281
What is the remainder when 47371 is divided by 18?
13
Calculate the remainder when 663218 is divided by 331606.
6
Calculate the remainder when 21791 is divided by 157.
125
Calculate the remainder when 88257 is divided by 79.
14
Calculate the remainder when 30781 is divided by 1527.
241
Calculate the remainder when 25858 is divided by 133.
56
What is the remainder when 23339 is divided by 1112?
1099
Calculate the remainder when 29477 is divided by 98.
77
What is the remainder when 225036 is divided by 34?
24
What is the remainder when 1967465 is divided by 6?
5
What is the remainder when 375398 is divided by 78?
62
Calculate the remainder when 2760 is divided by 500.
260
Calculate the remainder when 113875 is divided by 30.
25
Calculate the remainder when 18412 is divided by 122.
112
Calculate the remainder when 11969 is divided by 11942.
27
What is the remainder when 233956 is divided by 979?
954
Calculate the remainder when 175770 is divided by 2441.
18
What is the remainder when 79110 is divided by 13184?
6
What is the remainder when 396242 is divided by 817?
814
What is the remainder when 19957 is divided by 391?
16
Calculate the remainder when 110692 is divided by 169.
166
Calculate the remainder when 166142 is divided by 88.
86
Calculate the remainder when 407525 is divided by 42.
41
What is the remainder when 2366 is divided by 1003?
360
Calculate the remainder when 24112 is divided by 52.
36
What is the remainder when 74747 is divided by 12?
11
Calculate the remainder when 2519 is divided by 388.
191
Calculate the remainder when 4246 is divided by 17.
13
What is the remainder when 20164 is divided by 4030?
14
Calculate the remainder when 27893 is divided by 13936.
21
Calculate the remainder when 11331 is divided by 1416.
3
What is the remainder when 8758 is divided by 2696?
670
What is the remainder when 3649 is divided by 58?
53
What is the remainder when 7982 is divided by 7942?
40
What is the remainder when 125374 is divided by 203?
123
Calculate the remainder when 779101 is divided by 122.
9
What is the remainder when 34522 is divided by 9?
7
What is the remainder when 1738 is divided by 226?
156
Calculate the remainder when 85957 is divided by 328.
21
Calculate the remainder when 301 is divided by 180.
121
Calculate the remainder when 12865 is divided by 61.
55
Calculate the remainder when 6741 is divided by 263.
166
Calculate the remainder when 132568 is divided by 185.
108
Calculate the remainder when 346 is divided by 13.
8
Calculate the remainder when 2457 is divided by 793.
78
Calculate the remainder when 22978 is divided by 886.
828
What is the remainder when 4289 is divided by 209?
109
What is the remainder when 191627 is divided by 5475?
2
Calculate the remainder when 18717 is divided by 3110.
57
What is the remainder when 7235 is divided by 556?
7
Calculate the remainder when 2157 is divided by 322.
225
Calculate the remainder when 144466 is divided by 13.
10
What is the remainder when 840 is divided by 42?
0
Calculate the remainder when 51 is divided by 23.
5
What is the remainder when 67204 is divided by 68?
20
Calculate the remainder when 296796 is divided by 98931.
3
Calculate the remainder when 4042 is divided by 1990.
62
What is the remainder when 76798 is divided by 195?
163
Calculate the remainder when 10430 is divided by 208.
30
What is the remainder when 880699 is divided by 12?
7
What is the remainder when 222279 is divided by 688?
55
What is the remainder when 187927 is divided by 676?
675
What is the remainder when 1391 is divided by 34?
31
Calculate the remainder when 31618 is divided by 1265.
1258
Calculate the remainder when 39564 is divided by 5.
4
What is the remainder when 91484 is divided by 824?
20
Calculate the remainder when 1255 is divided by 346.
217
Calculate the remainder when 19569 is divided by 166.
147
What is the remainder when 176191 is divided by 58729?
4
What is the remainder when 13640 is divided by 4456?
272
What is the remainder when 28043 is divided by 1977?
365
What is the remainder when 958665 is divided by 88?
81
Calculate the remainder when 1533 is divided by 356.
109
What is the remainder when 25162 is divided by 54?
52
Calculate the remainder when 36383 is divided by 286.
61
What is the remainder when 40570 is divided by 63?
61
What is the remainder when 32916 is divided by 302?
300
What is the remainder when 972 is divided by 529?
443
Calculate the